2/(p/(-15)).
5, 19
Let x = -77 - -78. Suppose -7 = 5*u + 4*s, 3*u - 2*s = 8 + x. What are the prime factors of ((-6)/(-18))/(u/192)?
2
Suppose 17411 = 2*o - t, 21*o + 3*t - 26103 = 18*o. List the prime factors of o.
2, 17
Suppose 350 = 11*j + 75. Let z(q) = -q**3 + 26*q**2 - 24*q - 22. Let o be z(j). Suppose -245 = o*s - 815. What are the prime factors of s?
2, 5, 19
Suppose 3*u = 4*u - 42. Let d = 18 + u. Let z = 148 - d. List the prime factors of z.
2, 11
Suppose 30*z = -o + 33*z + 33271, 4*z = 10*o - 332814. What are the prime factors of o?
83, 401
Let w(p) be the first derivative of -p**4/4 + 5*p**3 - p**2/2 + 11*p + 16. Let l be w(15). What are the prime factors of 27 + (0 - l/(-4))?
2, 13
Let o(p) = -408*p - 8314. List the prime factors of o(-36).
2, 3187
Let c(x) = 4*x**3 - 63*x**2 + 9*x - 3. Let a be c(16). Let w = a - 222. List the prime factors of w.
5, 7
Suppose 0 = 4*t - 0*t - 48. List the prime factors of ((-64)/t)/((-4)/186).
2, 31
Let v(i) = -3054*i**3 - 3*i**2 + 58*i + 116. List the prime factors of v(-2).
2, 3, 5, 11, 37
Suppose 4*o + 5*l - 21100 = 13985, 3*l + 43884 = 5*o. Suppose 0 = -7*g - 8*g + o. Suppose -55*f = -60*f + g. List the prime factors of f.
3, 13
Let n be (-40)/(-6)*(-18 + 21). Suppose -3663 = -n*q + 10697. What are the prime factors of q?
2, 359
Suppose 885*o - 883*o = 15582. List the prime factors of o.
3, 7, 53
Suppose -4*n - 32 = 3*s - 5*s, -4*s + 3*n + 79 = 0. Suppose -44*y = -s*y - 10340. What are the prime factors of y?
2, 5, 47
Suppose 2*u - i = i + 430, 5*u - 2*i = 1063. Let w = 115 - 239. Let z = w + u. What are the prime factors of z?
3, 29
Suppose -u - 96 + 101 = 0. Suppose -747 = u*b - 192. Let n = 172 + b. List the prime factors of n.
61
Let x = -1325 - -2952. What are the prime factors of x?
1627
Suppose 15*i - 19*i + 164 = 0. Let n = -38 + i. Suppose -191 - 7 = -n*v. What are the prime factors of v?
2, 3, 11
Let s(g) = 16182*g**2 - 20*g - 9. List the prime factors of s(1).
29, 557
Suppose -4*a + 72795 = -k, -k + 18486 = -2*a + 54881. List the prime factors of a.
2, 5, 7, 13
Suppose 4*f + 18 = 38. Suppose -709 = f*a - 3354. What are the prime factors of a?
23
Suppose 10*p - 5*p - 6515 = 0. Suppose 5*y = -h + 2164, 3*y - 2*h - p = 2*h. What are the prime factors of y?
433
Let s(o) = o**2 + 16*o + 36. Let a be s(-23). Let b = 410 - a. List the prime factors of b.
3, 71
List the prime factors of ((-7876)/(-22))/(34/2227).
131, 179
Let h = -2768 + 4022. Let t = h - 727. List the prime factors of t.
17, 31
What are the prime factors of (-3 + 7)*(-51795)/(-36)?
5, 1151
Suppose -u - 428 = 4*r, 3*r - 5*u + 344 = -0*r. Let b be (358 - 1)*7/(2 + 5). Let n = r + b. List the prime factors of n.
3, 83
Suppose 0 = n + 2, -4*n + 22 - 14 = 4*g. Suppose g*v - 5440 = -5*h, 0 = h - 6*v + v - 1059. What are the prime factors of h?
2, 271
Suppose -287946 + 58770 = -9*s. What are the prime factors of s?
2, 3, 1061
Let w = -98 - -124. Let u = -46 - -46. Suppose -w*q + 21*q + 875 = u. What are the prime factors of q?
5, 7
What are the prime factors of (-35)/245 - (3 - 56820/7)?
2, 4057
Let m = 32 - 23. Let f(i) = 4*i - 8*i + 12 - i**3 + 10*i**2 + 0*i. List the prime factors of f(m).
3, 19
Suppose 4*a = -5*b + 123095 - 7125, 2*a + 3*b = 57984. What are the prime factors of a?
3, 5, 1933
Let g(f) = 5777*f - 48. List the prime factors of g(2).
2, 11, 523
Let p = -4030 - -6428. Let i = p - 1218. List the prime factors of i.
2, 5, 59
Let f(l) = 70*l. Let g be f(5). Suppose 2*a = g + 856. Let c = a + -382. List the prime factors of c.
13, 17
List the prime factors of (-30)/8 - (-2577400)/160.
5, 3221
Suppose -6 = -2*q + f - 2*f, 2*q - 10 = f. Suppose 2*y = 2*g + 14, 9 = -q*g - 3. List the prime factors of 1*((-930)/25)/(y/(-10)).
3, 31
Suppose c = n - 3*c - 3843, 0 = 4*c + 24. What are the prime factors of n?
3, 19, 67
Let w(i) = 136*i**2 - 3*i - 2. Suppose 2*m + 385 = 7*m. Let u = m + -78. List the prime factors of w(u).
137
Let y(p) = 2*p**2 + 15*p + 18. Let s be y(-6). Suppose s = 9*q - 1445 - 571. Suppose 0 = 4*u - 3*w - q, w - 224 = -4*u + 2*w. List the prime factors of u.
2, 7
Let a(h) = h**2 - 23*h + 7. Let o(s) = s**2 - 22*s + 8. Let i(b) = 5*a(b) - 6*o(b). Let m be i(10). Suppose 366 = 3*k + m. What are the prime factors of k?
103
Suppose 0 = -5*c + 3*h + 10, 0*c + 40 = 5*c + 3*h. Suppose 1725 = c*t + 5*b, 4*b = 4*t - 747 - 609. What are the prime factors of t?
2, 3, 19
Let h = -113 - -230. Suppose -4*t + 73 + 54 = g, -4*t - 3*g = -h. Suppose -143 = -5*y - t. List the prime factors of y.
2, 11
Let b be (1 + 57/5)/((-10)/(-25)). Let r be 1 + 36/(3/3). Let q = b + r. List the prime factors of q.
2, 17
Suppose -6*m + 2*m - 6*m + 26130 = 0. List the prime factors of m.
3, 13, 67
Let u = 114349 + -77354. List the prime factors of u.
5, 7, 151
What are the prime factors of (-15)/135 - (-1165924)/252 - (-6)/14?
7, 661
List the prime factors of (-6)/(-16) - (-1200234)/272.
3, 1471
Let f be (2 - (-45)/(-35)) + 6/21. Let o(p) = -f + 370*p**2 - 367*p**2 - 4 + 17*p. List the prime factors of o(-10).
5
Suppose -9*c = -11*c + 4*d + 9268, 3*d = -2*c + 9240. List the prime factors of c.
2, 3, 257
Let i(m) = -354*m - 4957. List the prime factors of i(-75).
11, 13, 151
Let d be 8/(-10)*((-39325)/(-10))/13. Let m = -159 - d. Let k = 181 - m. List the prime factors of k.
2, 7
Suppose 0 = -4*o + 6 + 6. Suppose 5*f = g + 829, o*g = 2*f + 2*f - 672. Suppose -123 - f = -4*c - 2*a, 3*a = -c + 77. List the prime factors of c.
71
Let v(y) be the first derivative of -y**3/3 - 17*y**2/2 - 9*y - 12. Let s(c) = c**2 + 16*c + 8. Let n(q) = 6*s(q) + 5*v(q). List the prime factors of n(-16).
83
Let k(l) = -128*l + 31. Let v = -4 + 1. List the prime factors of k(v).
5, 83
Let l(d) = 2652*d - 678. What are the prime factors of l(10)?
2, 3, 59, 73
Let t be (-12)/9 - (-2766)/9. Let a = t + -247. What are the prime factors of a?
59
Suppose -22498 = -2*b - 5*f, 4*b + 517*f - 44960 = 513*f. What are the prime factors of b?
2, 41, 137
Let c(b) = -4200*b - 473. List the prime factors of c(-1).
3727
List the prime factors of (-41193)/(-207)*(-196)/(-2).
2, 7, 199
Suppose 5*r - 40032 = 3*s, 2*s - 2373 = 6*r - 50405. What are the prime factors of r?
2, 3, 23, 29
Suppose 142 - 140 = -w. Let m be -1 + 53 + (-20)/(-5). Let x = m + w. List the prime factors of x.
2, 3
Suppose 1121*k - 1119*k = 13128. List the prime factors of k.
2, 3, 547
List the prime factors of (6 + (-448)/24)*-250*(-27)/(-12).
3, 5, 19
Suppose 3*w - 12 = -9. Suppose 0 = 3*b + 2*b + 5, -w = a - b. Let f = 55 - a. What are the prime factors of f?
3, 19
Let f be 31/155 + (-78564)/(-5). Suppose -17*x - f = -36*x. What are the prime factors of x?
827
Suppose v - 6 = -1. Suppose -v*l + 11 - 26 = 5*n, 2*n + 6 = -5*l. Suppose l = -12*m + 17*m - 130. List the prime factors of m.
2, 13
Suppose v + 554 + 937 = 0. Let q = -999 - v. Suppose 3*j = 3*u - q, 3*j = 4*u + 328 - 988. What are the prime factors of u?
2, 3, 7
Let h(j) be the third derivative of 13/30*j**5 + 1/120*j**6 + 43/6*j**3 + 0 - j**2 - 1/6*j**4 + 0*j. List the prime factors of h(-26).
3, 7
Let n be 1 - 4 - -3 - 6. Let m be (66/(-9))/(n/81). List the prime factors of -7*(m/(-7) - 3).
2, 3, 5
Suppose -2*w + 2302 = -m, -3*m - 4606 = -5*w + w. Let f = 1197 - 1190. Suppose -9*n + w = f. List the prime factors of n.
127
Let s(t) = -t**3 - 9*t**2 - 3*t + 6. Let n be s(-10). Let f = n - 118. What are the prime factors of (f/(-6) - 4/1)*-30?
2, 3, 5, 7
Let y(c) = 25*c**2 - 18*c - 314. What are the prime factors of y(18)?
2, 7, 13, 41
Suppose 22491 + 72880 + 72329 = 15*p. List the prime factors of p.
2, 5, 13, 43
Let w = -90 - -24. What are the prime factors of (-4)/6 - 4136/w?
2, 31
Let y(r) = -r**3 + 20*r**2 - 10*r - 97. Let f be y(13). Let c = f - 24. What are the prime factors of c?
2, 233
Let y be 3/((-2)/(-3) - (-50)/(-48)). List the prime factors of (13 - 0)/(y/(-104)).
13
Suppose 0 = -v - 2*i + 911, 6*i = 4*v + 9*i - 3624. Suppose 4*p + 4*j = 2308, -4*p + 5*j + 3229 = v. List the prime factors of p.
3, 193
Let z(k) = -17*k - 168. Let x be z(-10). Suppose 2496 = -x*h + 18*h. List the prime factors of h.
2, 3, 13
Let i(z) = -12*z**2 - 20 - 13*z - 4*z**3 + 3*z**3 + 4*z**2 + 29. Let h be i(-15). Suppose -17*n + h = -2505. List the prime factor